emainder when 18183 is divided by 863.
60
Calculate the remainder when 2979 is divided by 13.
2
Calculate the remainder when 744099 is divided by 70.
69
Calculate the remainder when 10453 is divided by 7.
2
Calculate the remainder when 14550 is divided by 2902.
40
Calculate the remainder when 6241 is divided by 898.
853
What is the remainder when 105447 is divided by 555?
552
Calculate the remainder when 15009 is divided by 1335.
324
Calculate the remainder when 5295 is divided by 118.
103
Calculate the remainder when 543 is divided by 19.
11
Calculate the remainder when 36523 is divided by 28.
11
Calculate the remainder when 5807 is divided by 966.
11
Calculate the remainder when 1064282 is divided by 97.
95
What is the remainder when 14720 is divided by 8?
0
Calculate the remainder when 48056 is divided by 329.
22
Calculate the remainder when 31511 is divided by 19.
9
Calculate the remainder when 6846 is divided by 90.
6
Calculate the remainder when 35155 is divided by 15.
10
Calculate the remainder when 8138 is divided by 148.
146
Calculate the remainder when 177179 is divided by 1143.
14
What is the remainder when 2024 is divided by 25?
24
Calculate the remainder when 8718 is divided by 51.
48
What is the remainder when 199527 is divided by 14?
13
What is the remainder when 121624 is divided by 250?
124
Calculate the remainder when 47300 is divided by 50.
0
Calculate the remainder when 14384 is divided by 24.
8
What is the remainder when 137891 is divided by 48?
35
What is the remainder when 3056 is divided by 220?
196
Calculate the remainder when 11356 is divided by 277.
276
Calculate the remainder when 2650 is divided by 174.
40
Calculate the remainder when 2659996 is divided by 28.
24
What is the remainder when 60646 is divided by 69?
64
Calculate the remainder when 19643 is divided by 105.
8
Calculate the remainder when 3634 is divided by 1058.
460
Calculate the remainder when 148870 is divided by 600.
70
What is the remainder when 1061 is divided by 351?
8
Calculate the remainder when 85081 is divided by 230.
211
What is the remainder when 5684 is divided by 942?
32
Calculate the remainder when 172685 is divided by 11.
7
Calculate the remainder when 3670 is divided by 26.
4
What is the remainder when 21457 is divided by 193?
34
What is the remainder when 30194 is divided by 9?
8
Calculate the remainder when 15048 is divided by 685.
663
What is the remainder when 121342 is divided by 68?
30
What is the remainder when 532955 is divided by 24?
11
Calculate the remainder when 909857 is divided by 5.
2
Calculate the remainder when 53540 is divided by 238.
228
Calculate the remainder when 68671 is divided by 708.
703
Calculate the remainder when 6851039 is divided by 277.
275
Calculate the remainder when 7184 is divided by 1019.
51
Calculate the remainder when 591 is divided by 245.
101
Calculate the remainder when 5610 is divided by 1380.
90
What is the remainder when 539514 is divided by 51?
36
What is the remainder when 496922 is divided by 99383?
7
What is the remainder when 96694 is divided by 136?
134
What is the remainder when 1028353 is divided by 824?
1
Calculate the remainder when 2753787 is divided by 897.
894
What is the remainder when 129870 is divided by 43287?
9
What is the remainder when 1956 is divided by 76?
56
What is the remainder when 4473 is divided by 803?
458
What is the remainder when 4913 is divided by 273?
272
What is the remainder when 4465 is divided by 183?
73
What is the remainder when 287062 is divided by 23?
22
What is the remainder when 62002 is divided by 254?
26
What is the remainder when 276693 is divided by 27?
24
Calculate the remainder when 15952 is divided by 1993.
8
Calculate the remainder when 67968 is divided by 5.
3
What is the remainder when 35922 is divided by 536?
10
What is the remainder when 690875 is divided by 339?
332
Calculate the remainder when 3042 is divided by 13.
0
What is the remainder when 283837 is divided by 80?
77
Calculate the remainder when 58262 is divided by 7.
1
Calculate the remainder when 14624 is divided by 697.
684
What is the remainder when 552116 is divided by 642?
638
What is the remainder when 275764 is divided by 354?
352
What is the remainder when 30574 is divided by 7?
5
What is the remainder when 167947 is divided by 11?
10
What is the remainder when 114047 is divided by 288?
287
What is the remainder when 4958 is divided by 235?
23
What is the remainder when 15744 is divided by 3933?
12
What is the remainder when 7607 is divided by 47?
40
Calculate the remainder when 24010 is divided by 267.
247
What is the remainder when 31485 is divided by 10445?
150
Calculate the remainder when 46169 is divided by 6592.
25
What is the remainder when 495 is divided by 91?
40
Calculate the remainder when 81232 is divided by 81222.
10
Calculate the remainder when 76910 is divided by 286.
262
Calculate the remainder when 518 is divided by 251.
16
What is the remainder when 3665 is divided by 1455?
755
What is the remainder when 1295 is divided by 550?
195
What is the remainder when 29971 is divided by 55?
51
Calculate the remainder when 3400 is divided by 15.
10
What is the remainder when 357758 is divided by 16?
14
What is the remainder when 48405 is divided by 3024?
21
What is the remainder when 1220 is divided by 458?
304
What is the remainder when 139265 is divided by 12?
5
Calculate the remainder when 51976 is divided by 34.
24
What is the remainder when 170710 is divided by 42674?
14
What is the remainder when 4163 is divided by 696?
683
Calculate the remainder when 18372 is divided by 2995.
402
What is the remainder when 853117 is divided by 170623?
2
Calculate the remainder when 6367 is divided by 6026.
341
What is the remainder when 821350 is divided by 85?
80
What is the remainder when 8543 is divided by 1826?
1239
What is the remainder when 9688 is divided by 3678?
2332
Calculate the remainder when 5908 is divided by 2769.
370
What is the remainder when 1239 is divided by 867?
372
Calculate the remainder when 4894 is divided by 4831.
63
What is the remainder when 135848 is divided by 135845?
3
Calculate the remainder when 35431 is divided by 554.
529
What is the remainder when 56220 is divided by 16?
12
What is the remainder when 573 is divided by 555?
18
What is the remainder when 7999 is divided by 706?
233
What is the remainder when 390600 is divided by 280?
0
Calculate the remainder when 909862 is divided by 781.
778
What is the remainder when 1353 is divided by 270?
3
Calculate the remainder when 61246 is divided by 66.
64
Calculate the remainder when 19492 is divided by 19397.
95
What is the remainder when 7353 is divided by 530?
463
What is the remainder when 3170 is divided by 69?
65
Calculate the remainder when 55360 is divided by 634.
202
What is the remainder when 20940 is divided by 332?
24
What is the remainder when 7048 is divided by 64?
8
What is the remainder when 12076 is divided by 1134?
736
Calculate the remainder when 82770 is divided by 59.
52
Calculate the remainder when 206065 is divided by 160.
145
Calculate the remainder when 1482212 is divided by 302.
298
What is the remainder when 12674 is divided by 68?
26
Calculate the remainder when 2550 is divided by 329.
247
What is the remainder when 39114 is divided by 59?
56
Calculate the remainder when 6966 is divided by 3461.
44
Calculate the remainder when 363 is divided by 99.
66
Calculate the remainder when 62329 is divided by 135.
94
Calculate the remainder when 4089 is divided by 37.
19
What is the remainder when 723453 is divided by 16?
13
What is the remainder when 1383 is divided by 155?
143
Calculate the remainder when 789836 is divided by 37.
34
What is the remainder when 160572 is divided by 15?
12
What is the remainder when 9457 is divided by 21?
7
Calculate the remainder when 285 is divided by 3.
0
What is the remainder when 3283102 is divided by 88?
86
Calculate the remainder when 3594 is divided by 358.
14
What is the remainder when 1377 is divided by 66?
57
What is the remainder when 1247516 is divided by 137?
131
What is the remainder when 1348 is divided by 395?
163
Calculate the remainder when 167371 is divided by 1339.
1335
What is the remainder when 160878 is divided by 7